, 19
Let d be 13 + 4 - (1 - -2). Suppose g + g = d. What are the prime factors of g?
7
Suppose d = 4*g + 32, -3*g + 4*g = 5*d - 122. Suppose w + 2*y - d = 0, -2*y + 86 = 4*w - 4*y. What are the prime factors of w?
2, 11
Let d = 1 - -5. Suppose -d*u + 28 = -2*u. Suppose -5 = -4*i + u. List the prime factors of i.
3
Let i = -7 + 11. Suppose 23 = i*q + 3*h, 3*h - 6 - 7 = -2*q. List the prime factors of q.
5
Suppose 0 = -4*t + r + 8, -5*r = -5*t - 6 + 1. Suppose 12 = -t*k + 7*k. List the prime factors of -5*(36/(-5))/k.
2, 3
Let a be (-1 + 10)/((-6)/(-4)). Suppose -v - n + a = -10, 4*v + 3*n = 67. What are the prime factors of v?
19
Let s(x) = 14*x - 12. List the prime factors of s(4).
2, 11
Suppose 0 = -5*t - 55 + 285. List the prime factors of t.
2, 23
Let a = -37 - -243. Suppose 4*b + 50 = a. What are the prime factors of b?
3, 13
Suppose -6*s - 62 = 5*n - 2*s, -16 = n - s. Let r = 30 + n. What are the prime factors of r?
2
Suppose 2*i + 24 = h - 9, 5*h = 3*i + 172. List the prime factors of h.
5, 7
Let n = -1 - -1. Let c(s) = -s + 40. What are the prime factors of c(n)?
2, 5
Let g be (9 - -4)/(1/4). Suppose r + g = 5*r. Let d = -6 + r. What are the prime factors of d?
7
Let z(c) = -c**3 - 11*c**2 + 3*c - 1. Let l be z(-11). Let m = 76 + l. What are the prime factors of m?
2, 3, 7
Suppose -4*l = 4, 3*n + 0 - 3 = -3*l. Suppose -28 = -n*q + 6. List the prime factors of q.
17
Let t be (0 - 0)/(2/(-1)). Let l(c) = c + 12. Let a be l(0). Suppose -2*y + y + a = t. List the prime factors of y.
2, 3
Suppose i = 55 - 17. List the prime factors of i.
2, 19
Let c = -11 - -44. List the prime factors of c.
3, 11
Suppose 3*u - 6*u + 3*n = -27, 4*u + n - 46 = 0. What are the prime factors of u?
11
Suppose 2*x + 8 - 90 = 0. Suppose -7*r + 2*r = -140. Let l = x - r. List the prime factors of l.
13
Let s = -6 + 6. Suppose 6*w - w + 110 = s. What are the prime factors of (-268)/w - 10/55?
2, 3
Suppose -3*v + 4*v - 9 = 0. Suppose 12 = v*f - 7*f. What are the prime factors of f?
2, 3
Suppose -2*n + 5*v - 33 = -5*n, n = -5*v + 21. Suppose 0 = -4*r + n*r - 36. What are the prime factors of r?
2, 3
Let t be -1*2 - (-1 + -1). Suppose 4*d = -t*d + 272. Suppose 8 = 5*f + 3, 0 = -5*j - 3*f + d. List the prime factors of j.
13
Let l(k) = 4 + k - 15 - 3*k. Suppose -w - 3 = 6. What are the prime factors of l(w)?
7
Let o(w) = -17*w + 29. What are the prime factors of o(-15)?
2, 71
Let x(u) = u**2 - u + 2. Let o be x(0). Suppose -1 = 5*t + 2*z - 22, -o*z - 4 = 0. List the prime factors of t.
5
What are the prime factors of (4 + 122)/3 + -3?
3, 13
Let t = 2 - -96. List the prime factors of t.
2, 7
Let s = -13 - -3. Let o = 3 + 12. Let h = s + o. List the prime factors of h.
5
Let b(c) = c**3 + c**2 - c - 1. Let t be b(-1). Suppose -116 + 31 = -5*v + 5*g, 5*g + 5 = t. List the prime factors of v.
2
Suppose k - 4*n + 6*n - 42 = 0, -3*n = k - 38. List the prime factors of k.
2, 5
List the prime factors of (-4 - (-104 - 1)) + -2.
3, 11
Suppose -9 + 3 = 2*t. Let y be -35*t/(2 - 5). What are the prime factors of (-12)/(-7) + (-10)/y?
2
Suppose 0 = 5*s + 23 + 12. Let d(v) be the second derivative of -v**3/3 + 5*v**2/2 - v. List the prime factors of d(s).
19
Let y = -2 + 6. Suppose 0 = d - y - 49. Suppose -2*o + 19 = 3*r, -5*o - r + d = r. List the prime factors of o.
11
Suppose 0 = 5*s - 287 - 223. What are the prime factors of s?
2, 3, 17
Let i(o) = 4*o - o + 3*o**2 + 5*o + 11 + 0*o. List the prime factors of i(-5).
2, 23
Suppose 0 = 2*d + 1 - 5. List the prime factors of 3/d + 3/6.
2
Suppose 0*o + o = -2*m + 17, -4*o - 5*m = -74. List the prime factors of o.
3, 7
Suppose -5*v = -24 + 14. What are the prime factors of v?
2
Let q(j) = 2*j - 10. Let c be q(8). Suppose 0 = l - c*l + 100. What are the prime factors of l?
2, 5
Let z = 132 + -7. List the prime factors of z.
5
Let s(g) = 23*g**3 + 4*g**2 - 12*g + 1. List the prime factors of s(2).
3, 59
Let p(g) = -g**2 + 6*g - 4. Let d be p(4). Suppose -3*t + 75 - 2 = d*f, 0 = 4*f - 4*t - 80. List the prime factors of f.
19
Let w(b) = b**3 - 3*b**2 - 4*b + 6. Let n(h) = h - 1. Let z be n(7). Let y = 10 - z. List the prime factors of w(y).
2, 3
Suppose -5*y = 5*m - 5, 0*m - m - 3*y = -3. Suppose 4*u - 17 = 47. Suppose m = s + s - u. List the prime factors of s.
2
Let o(w) = 0*w + 0*w - 17*w**2 - 20*w**3 - w + 15*w**2. What are the prime factors of o(-1)?
19
Let c = -5 - -7. Suppose -3*v = 2*g - g - 22, -v = -2*g + c. List the prime factors of v.
2, 3
Let c(y) = y**3 - 8*y**2 - 5*y + 8. Let b be c(8). Let t = -22 - b. List the prime factors of t.
2, 5
List the prime factors of (6/(-4))/((-27)/360).
2, 5
Let r be (-304)/(-14) + 2/7. Let q = -11 + r. Let v = 15 - q. List the prime factors of v.
2
Let r be (40/(-6))/((-4)/12). Suppose 2*i = -2*i + 16. Suppose 0 = -i*x + z + r, 0*x + 4*z = x - 5. What are the prime factors of x?
5
Suppose 0 = 5*s - 4*t - 313, 5*t + 254 = -3*s + 7*s. List the prime factors of s.
61
Let m(b) = b - 3. List the prime factors of m(15).
2, 3
Suppose 2*v + 31 = 3*v. Suppose -4*s + 13 = -v. List the prime factors of s.
11
Suppose -3*g + 516 = 4*j, -2*j + g = -g - 258. List the prime factors of j.
3, 43
Let j(n) = 44*n**2 + 3*n - 2. What are the prime factors of j(-2)?
2, 3, 7
Let n = 3 + -2. Suppose -2*v - 1 = n. List the prime factors of (-10*(1 - 0))/v.
2, 5
List the prime factors of (-3)/(-2) + -2 + (-429)/(-2).
2, 107
Let a be 2/(-8) - 281/(-4). Suppose -4*p - 20 = 0, o = -3*o + 2*p + a. List the prime factors of o.
3, 5
Let h be (-120)/(-66) - (-4)/22. Suppose 8 = -2*a - h. Let d = a - -7. List the prime factors of d.
2
Let d = -6 - -11. Let w be (8/(-3))/((-8)/12). Suppose -w*x = -x - d*v - 34, x = -v + 6. What are the prime factors of x?
2
Suppose 2*i - 3*i = 18. Let w = 57 + -66. Let o = w - i. What are the prime factors of o?
3
Let k be (-4)/(-1)*3/6. Suppose 0 = k*x - 2*s - 6, 0 = s - 0*s - 1. List the prime factors of x/6 - 32/(-6).
2, 3
What are the prime factors of ((-88)/14)/(12/(-42))?
2, 11
Let x be -2 - 3*(-1)/(-3). Let q = 12 - x. What are the prime factors of q?
3, 5
Let s = 199 + -89. What are the prime factors of s?
2, 5, 11
Let d(h) = h**2 - h + 8. Suppose c - 1 = -4*q - 4, 5*c - 2 = -3*q. Let s be (-2)/(-2 - -4) - q. What are the prime factors of d(s)?
2
Suppose -20 = 5*m - 2*q, m - q = -5*q + 18. Let v = 19 - m. List the prime factors of v.
3, 7
Suppose 3*y = -2*q - 2*y + 5, 5*y + 5 = 0. Let g = 6 - q. Let h(j) = 6*j**3 - 2*j + 1. List the prime factors of h(g).
5
Let b(n) = -3*n**3 - 2*n**2 + n. Suppose 0 = 7*m - 3*m + 8. List the prime factors of b(m).
2, 7
List the prime factors of 9 + (3/(-1) - -1).
7
What are the prime factors of (-202)/(-4) + (-10)/20?
2, 5
Suppose k - 4 + 15 = 0. Let n = -7 - k. What are the prime factors of n?
2
Suppose 3*s = -s + 36. Let y = s + -13. What are the prime factors of 46/6 - y/(-6)?
7
List the prime factors of 2 - 24/((-87)/21 + 4).
2, 5, 17
Let h be -4*1/(-2) + -1. List the prime factors of (-3)/(3/(-3)) - h.
2
Suppose -l + 259 = -0*g - 5*g, -4*g - 1274 = -5*l. List the prime factors of l.
2, 127
Suppose -4 + 0 = 2*y. List the prime factors of 10*(y - 24/(-10)).
2
Let q be -2*(-74)/(-4)*-1. Suppose -99 = -4*t + q. What are the prime factors of t?
2, 17
Suppose -40 = -45*i + 41*i. What are the prime factors of i?
2, 5
Suppose 1 - 13 = 2*g. List the prime factors of (22/4)/(g/(-12)).
11
Suppose 2*g - 24 = -6. What are the prime factors of g?
3
Suppose -19 = 4*u - 2*c + 11, -2*c = u. Let y = 2 - u. List the prime factors of y.
2
Suppose -3*i = -4*i - 51. Let h = i - -77. What are the prime factors of h?
2, 13
Let r = 43 + -12. List the prime factors of r.
31
Let p(u) = 2*u + 39. List the prime factors of p(13).
5, 13
Let t(z) = z + 10. Let u be t(-10). Suppose -2*s - g = -83 + 23, -2*g + 4 = u. What are the prime factors of s?
29
Suppose -4*k + 3*l = 5*l + 4, 2*k + 4 = -2*l. Suppose -3*m + u + u = -32, k = 5*m + u - 49. List the prime factors of m.
2, 5
What are the prime factors of -2 + 21 + 0 + -1?
2, 3
List the prime factors of (-90)/(-40)*(48 - 0).
2, 3
Let t(q) = -6*q - 1. Let n be t(-1). Suppose -5*w + 1 = 5*x - 4, 3*x = 2*w - 7. Let b = x + n. List the prime factors of b.
2
Suppose -6*m + 612 = -2*m. List the prime factors of m.
3, 17
Let b = 208 + 